it of v?
4
Suppose -8 = -3*u + 1, -5*u = -3*p - 3. Let y be (-4)/((-1)/(-2)*p). What is the units digit of 8/12*(-33)/y?
1
Let b(g) = -2*g + 1. Let h be b(3). What is the units digit of (-2)/3*(h + -16)?
4
Let z be (2*1)/(2/3). Suppose 2*m - z*n = -12, m = 5*n - n - 16. Suppose -p = -2*i + 1, 2*i + m*i = -2*p + 16. What is the units digit of i?
3
Let a(t) = 2*t**2 - 10*t - 6. What is the units digit of a(-8)?
2
Let c(j) = 10*j**2 + 6*j - 6. What is the tens digit of c(1)?
1
Suppose -72 = -4*d + 2*d. What is the tens digit of d?
3
Suppose -5*b - 1 = -16. Let d be (2/(-6))/(b/(-63)). Let g = d - -3. What is the tens digit of g?
1
Suppose -3*w + 12 = 3*d, 0 = 3*w - 8*w + 20. Suppose r + r = -u + 12, 4*u - 16 = d. What is the units digit of r?
4
Let o = -14 + -3. Suppose 2*f + 41 = 3*k, -k - 91 = 4*f - 4*k. Let t = o - f. What is the units digit of t?
8
Let n = 5 - 13. Let t be (n/(-6))/((-3)/(-9)). What is the units digit of (t + -2)*5/2?
5
Let s(d) = d**3 + 5*d**2 + 2. Let k be s(-3). Suppose -5*a = -5*y - k, 4*a + 3*y + y = 24. Let m = 15 - a. What is the units digit of m?
0
Let g(i) = 2*i**3 - 4*i**2 + 3*i. Suppose 0 = -5*z + 7 + 3. What is the units digit of g(z)?
6
Suppose 4*o - 79 = 121. What is the tens digit of o?
5
What is the units digit of 25 + ((-4)/4*-4 - 6)?
3
Let n be (0 + 2 - 1)*11. Suppose -u - n = -46. Suppose 0 = -4*h + 6*h - 5*b - u, -5*b - 50 = -5*h. What is the units digit of h?
5
Let o(j) = j**3 + 8*j**2 + 6*j - 3. Let q be o(-7). Suppose 5*u - q*u + 4 = 0. Let d = u - -7. What is the units digit of d?
3
What is the tens digit of 20/(54/(-15) + 4)?
5
Let y(o) = -78*o - 4. What is the tens digit of y(-1)?
7
Let i = -15 - -8. Let z be (-2)/2*1*i. Let n = z + 3. What is the tens digit of n?
1
Let v be -5*(-1)/(-5)*33. What is the tens digit of -4 + 1 + 1 - v?
3
Suppose -5*u + 2*v = 26, -4 - 2 = -2*v. Let i = u + 5. Let t = i + 1. What is the units digit of t?
2
Let b = 8 + -5. Suppose -a + b*c = -5, 0 = -2*a - 0*c + 2*c + 10. What is the units digit of a?
5
Suppose -3*v = -4*g + 4, -g - 2*v + 4*v + 1 = 0. Suppose 3*z = 2 + g. What is the units digit of z?
1
Let c(p) = p**2 - 6*p + 2. Let r be c(6). What is the tens digit of 16 + (-2 - r/2)?
1
Let u = -10 + 24. Let x be 5/20 - (-79)/4. Let y = x - u. What is the units digit of y?
6
Suppose 3*v = 5*n - 201, -13*n + 17*n = -3*v + 177. What is the units digit of n?
2
Suppose 4*d = -3*w - 1 - 18, 5*d - 2*w + 18 = 0. Let i = d - -7. What is the units digit of i?
3
Suppose 7 = w - 3*s, 2*w + 3*s + 5 = 19. What is the units digit of w?
7
Suppose 0*z + 174 = -3*z. What is the units digit of 10/50 + z/(-10)?
6
Let f(k) = -k**2 - 10*k - 16. Let j be f(-8). Suppose 0 = -4*u - 3*y + 79, j*u = -u - 3*y + 13. What is the units digit of u?
2
Suppose 0 = 4*m + 6 + 34. Let v be (11/4)/(2/8). Let i = m + v. What is the units digit of i?
1
Let t be -2 - -5 - 7*1. Let v = -2 + t. Let q = v + 13. What is the units digit of q?
7
Let x(g) = -1. Let y(k) = k - 4. Let h(m) = 3*x(m) - y(m). Let c be h(-6). Let w = c - 3. What is the units digit of w?
4
Let w = 18 - 9. What is the units digit of (30/w)/((-2)/(-3))?
5
Suppose 0*l + 5*l = 75. Let g = l - 9. What is the units digit of g?
6
Suppose -2*m + 4 - 85 = -3*f, 4*f + m - 108 = 0. What is the tens digit of f?
2
Let n(w) = w**3 - 3*w**2 - 5*w + 6. Let j be n(4). Let x be ((-1)/j)/(2/(-20)). Suppose -5 = -k, x*v + 3*k - 20 = 2*k. What is the units digit of v?
3
Let l(o) = -o - 9. Let w be l(-10). What is the tens digit of (-42)/(-2) + 0/w?
2
Let r(n) = -1 - 1 + 1 + 0 - n. Let f be r(-5). Suppose -2*o + f*o - 24 = 0. What is the tens digit of o?
1
Let i be (2 + -2)*(-5)/10. Suppose i = -5*q - 0 + 5. What is the units digit of q?
1
Let z = 56 - 18. Suppose d - 2*v - z = -d, -19 = -d + 4*v. What is the tens digit of d?
1
Let v(c) = c. Let i be v(5). Suppose 12 = i*g - 48. What is the units digit of g?
2
Suppose -2*s = -a + 36, 3*a - 2*s - 53 = 35. What is the tens digit of a?
2
Suppose 2*k - 3*s - 8 - 51 = 0, 9 = -3*s. Suppose 5*f = k, 5*u - f = u + 95. What is the tens digit of u?
2
Suppose 0*c + 4*c = -2*b + 240, 0 = -b - c + 122. What is the tens digit of b?
2
What is the hundreds digit of (30 - 20)*(-34)/(-2)?
1
Let f = -20 - -150. What is the tens digit of f?
3
Let t = -25 + 45. What is the units digit of t?
0
What is the tens digit of 64/5 + (-3)/(-15)?
1
What is the units digit of -1 + 51/2 + 4/8?
5
Let x(p) = -p**3 + 19*p**2 + 28*p + 23. What is the tens digit of x(20)?
8
Suppose 0 = -4*f - 5 + 21. Let o = f - -2. What is the units digit of o?
6
Suppose 4*w - 5*r = -29, 3*w - 4*r + 16 = -6*r. Let b be (-9)/(-2*w/(-16)). Suppose 2*n = -0*n - 2*x - 4, -4*x = b. What is the units digit of n?
1
Suppose -z + 33 = -52. What is the units digit of z?
5
Suppose -y - 2*c + 105 = -c, 0 = -5*c - 15. What is the tens digit of y?
0
What is the tens digit of (-2)/13 + (-1700)/(-65)?
2
Suppose -39 = 2*m - 5*m. Suppose i - m - 5 = 0. What is the units digit of i?
8
Let h = 93 + -66. What is the tens digit of (-4)/(-18) + 588/h?
2
What is the units digit of 129 - ((-153)/(-54) - (-2)/12)?
6
Suppose 0 = -m + 2*m - 10. Let c(d) = 4 + 11*d + 5*d**3 - 2*d**3 - 4*d**3 + 9*d**2 + 0*d. What is the units digit of c(m)?
4
Suppose 6 = 2*d - 4*o, 5*d - 3*o = -2*o + 24. Suppose 0 = 4*a - d*z - 89, -2*a + z - 3*z + 22 = 0. What is the tens digit of a?
1
Let o(y) = 5*y + 1 + 8*y - 6. Let z(h) = -7*h + 3. Let b(p) = -4*o(p) - 7*z(p). What is the units digit of b(-3)?
8
Suppose 0 = -2*x + 2*y + 20, -6*x - y = -2*x - 15. Suppose -2*k = -x*k + 51. What is the tens digit of k?
1
Let c be (-11 + -1)*1/(-3). Let y = c - 3. What is the units digit of y?
1
Suppose -190 = 4*t + 298. Let y = -85 - t. What is the tens digit of y?
3
Let d(n) = -12*n + 2. Let k(h) = h**3 + h**2 + 2. Let m be k(-2). What is the tens digit of d(m)?
2
Let g(b) = 9*b**2. Let l be g(-1). Suppose 0*k + 3*k + l = 0. Let f = 0 - k. What is the units digit of f?
3
Suppose -5*l + m + 225 = 0, -4*l + m = -m - 174. What is the units digit of l?
6
Suppose 22 = j + 5*l - 4, 5*l - 25 = 0. What is the units digit of -1 - j - (0 - 22)?
0
Suppose -k + 2*y = 9, 0 = 3*k - 8*k - 4*y + 25. What is the units digit of k?
1
Suppose 8*f - 16 = 4*f. Suppose -f*o = 16 - 104. What is the units digit of o?
2
Let y = 431 - 233. What is the hundreds digit of y?
1
Let f(z) = z**3 - 12*z**2 + 11*z + 9. Let w be f(11). What is the units digit of 3 + 0 + w/3?
6
Suppose -3*g - g - 2*z = 18, -g = 5*z. Let i(c) = -3*c**2 - 2*c + 2. Let q be i(-2). Let f = g - q. What is the units digit of f?
1
Let h = 5 - 3. Suppose -2*q + 3*q + 5*x = 9, -4*q + 19 = 3*x. What is the units digit of h*(-2)/q - -10?
9
Let m = 234 + -115. What is the units digit of m?
9
Let m(i) be the first derivative of i**4/4 + 5*i**3/3 - 7*i**2/2 - i + 1. What is the units digit of m(-6)?
5
What is the units digit of (-9)/(((-10)/(-45))/(8/(-6)))?
4
Suppose 5*l - 197 = -3*i, 3*l - 3 + 192 = 3*i. What is the units digit of i?
4
Suppose 0 = 5*o - 50 - 30. Suppose -3*t - 3 = 4*l, 4*l + 5 = 3*t - o. What is the units digit of 7*2*t/6?
7
Let a be ((-2)/3)/((-8)/12). What is the units digit of ((-6)/9)/(a/(-21))?
4
Suppose -r - 6 + 19 = 0. Suppose -r = -w + x, 25 = 4*w - 3*w + 2*x. What is the units digit of w?
7
Let i = -22 + 33. What is the units digit of i?
1
Suppose 235 + 276 = 7*o. What is the units digit of o?
3
Let u(r) = -r**3 - 8*r**2 - r - 10. Let x be u(-8). Let p be (-1)/(x/(-4)*-1). Suppose 5*b - j - 16 = b, 5*b - 17 = p*j. What is the units digit of b?
5
Suppose 9 = -6*t + 3*t. Let x(v) = v**2 - v. What is the units digit of x(t)?
2
Let p = 4 + 0. Suppose p*m = -0*m + 20. What is the units digit of m?
5
Let u be (9/(-6))/(3/(-10)). Let x = 9 - u. Suppose -6*k + x*k - 5*j - 2 = 0, 2*j = -k. What is the units digit of k?
4
Let i(k) = -k**2 + 7*k - 6. Let w be i(4). Let r be (-1)/(-3) + (-20)/w. What is the units digit of (r/(-2))/(6/40)?
0
What is the tens digit of (112/(-7))/(19/10 - 2)?
6
Suppose -14 = 4*o + 34. Suppose u + 110 = 6*u. Let v = u + o. What is the units digit of v?
0
Suppose -3*n = -2*d - 185, 157 = 3*n + 3*d + 2*d. What is the units digit of n?
9
Let b = -20 + 11. Let s(a) = -a + 11. Let g be s(b). Suppose -2*w + 2 = -g. What is the units digit of w?
1
